5 is divided by 14/(1568/24) - (-11845)/322?
33
Let s(l) = -7*l**2 + 7*l - 37. Let j(f) = -8*f**2 + 5*f - 38. Let a(n) = -6*j(n) + 7*s(n). Calculate the remainder when 48 is divided by a(16).
14
Let s(u) = -u**3 + 34*u**2 + u - 15. Let m(p) = -p**3 + 15*p**2 + 19*p - 14. Let q be m(16). Calculate the remainder when 62 is divided by s(q).
5
Let i = 13 - 8. Suppose 0 = -p + i*g + 77, p + g - 36 = 59. Calculate the remainder when p is divided by 18 + (-28)/(-70) + (-3)/30*-6.
16
Let w = 5 + 10. Suppose -106*a + 5 = -105*a, 3*a - 684 = -3*h. Calculate the remainder when h is divided by w.
13
Calculate the remainder when 602 is divided by -3 - (372/310)/(1/(-80)).
44
Let y = -5 - -106. Suppose 120 = 2*z - 3*p, -3*z + 77 + y = -5*p. Let c = -107 + 141. Calculate the remainder when z is divided by c.
32
Suppose 24*z - 2568 = 16*z. Suppose 0 = b + k - 12, 3*k = -13*b + 17*b - 62. Calculate the remainder when z is divided by b.
13
Let q(n) = n**3 + 10*n**2 - 2*n + 9. What is the remainder when q(-5) is divided by (-192)/672 - 219/(-7)?
20
Suppose 0 = 902*q - 953*q + 24021. What is the remainder when q is divided by 223?
25
Let p be 210/(-45)*(-1)/(28/24). Suppose 2*a = -5*m + 1141, p*m = a + 2*a + 922. Let c(w) = 22*w**2 + 2*w - 1. What is the remainder when m is divided by c(1)?
22
What is the remainder when (11857/(-71))/((3 + 98/(-32))*2) is divided by 13?
10
Suppose 2*x + 241 = 3*k, 2*x + 3*x = -25. Let g = -33006 + 33154. What is the remainder when g is divided by k?
71
Let j = -13142 + 13165. Let p(k) = -5*k**3 - 7*k**2 - 4*k + 4. Calculate the remainder when p(-4) is divided by j.
21
Calculate the remainder when (330/18 - 23)*-327 is divided by 19.
6
Suppose 32*i + 28140 = 102*i. What is the remainder when i is divided by 46?
34
Suppose -6*o + 4*o - b = -60, 2*o - 3*b = 60. Let y be (4 - 108/12) + -18. Let r = o + y. What is the remainder when r is divided by 3?
1
Let i = 64 + -62. What is the remainder when 78/8*(-1)/i*-24 is divided by 24?
21
Let i(v) = 3*v**2 - 25. Suppose 20*h - 25 = 25*h. Calculate the remainder when 199 is divided by i(h).
49
Let d = 1 + 3. What is the remainder when 27/(1926/(-2140)*1/(12/(-10))) is divided by d?
0
Let h = -37330 + 37587. Calculate the remainder when 3098 is divided by h.
14
Suppose -803 = 11*x + 869. Let z = 172 + x. Calculate the remainder when z is divided by 17.
3
Suppose -21*q - 14*q = -3780. What is the remainder when q is divided by 10?
8
Let m(l) = -l**2 - 11*l + 2. Let q be m(-14). Let b = 53 + q. Suppose -10*y = -b*y + 24. What is the remainder when 22 is divided by y?
6
Suppose 1 + 7 = -4*a. Calculate the remainder when a/(-3) - 4761/(-27) is divided by 31.
22
Let p be -1*2/5*(2 + -12). Suppose -8*w + p*w + 8 = 0. Suppose -599 = -5*i + 3*x, 52 - 279 = -w*i - 3*x. Calculate the remainder when i is divided by 61.
57
Suppose -5*o + 25 = 0, 21*o - 26*o = -3*v + 1022. Let g = v + -343. What is the remainder when 136 is divided by g?
4
Suppose -3*a + 2*y + 40 = -3*y, 3*a = 2*y + 34. Suppose 3964 = 8*n - 3724. Let h = n + -926. Calculate the remainder when h is divided by a.
5
Suppose 69*r = 67*r + 96. Suppose 2*t = 4*f + 100, -3*f - f = -t + r. Let c(m) = -m**3 - 8*m**2 + 10*m + 2. Calculate the remainder when c(-10) is divided by t.
50
Suppose -4*t = -5*v - 161, -4*v - 16 = -12. Suppose 0*o = o - 2. What is the remainder when t is divided by -8*((-15)/4 + o)?
11
Let y = 64 + -61. Let i(b) = 240 - 119 + 2*b + 5*b**2 + b**3 + 0*b**y - 122. What is the remainder when i(-3) is divided by 7?
4
Let l(g) = 28*g - 2233. Let n = -73 + 131. Calculate the remainder when l(90) is divided by n.
55
Let k = -408 + 584. Suppose 202 + k = 7*d. What is the remainder when d is divided by 11?
10
Suppose 4*c - 10 - 6 = r, 15 = -c + 5*r. Suppose c*u - 2*d + 1020 = 358, u - d = -133. Let g = -36 - u. Calculate the remainder when g is divided by 49.
47
Suppose -10 = 6*f + 26. What is the remainder when (f/24)/(6/(-1032)) is divided by 22?
21
Suppose s + 14*m - 55 = 19*m, 0 = -5*s + 4*m + 359. What is the remainder when s is divided by 42?
33
Let p = 1558 - 1460. Calculate the remainder when 249 is divided by p.
53
Let v(u) = 2*u**2 + 11*u + 24. Let c = 117 + -1. What is the remainder when v(-9) is divided by 18/(-63) + c/14?
7
Suppose -196*y = -201*y - 30. What is the remainder when (y*119/(-168))/((-2)/(-296)) is divided by 14?
13
Let y = 112 + -107. Let a(w) = -5*w - 6. What is the remainder when a(-11) is divided by y + 6*(-10)/(-15)?
4
Suppose 0 = 45*x - 5*x + 212 - 1292. Calculate the remainder when (-190)/(-2) + (-9)/3 is divided by x.
11
Suppose -111 = -12*m + 141. Let g(u) = 3*u**2 - 63*u + 12. Calculate the remainder when 64 is divided by g(m).
4
Let s be (-132)/(-9) + 2/6. Suppose -s = -5*t - 25. Let o(q) = -q**3 + q**2 - 2*q - 3. Calculate the remainder when o(t) is divided by 5.
3
Let o(p) = 0*p + 6 + 4*p - 5*p + p**3 + 5*p**2 + 3 - 8. Calculate the remainder when 86 is divided by o(-3).
20
Suppose -4*n = -4*c + 1612, -13*c + 8*c - 3*n = -2047. What is the remainder when c is divided by 43?
20
Let o = 4442 + -4430. What is the remainder when 21 is divided by o?
9
Let j(z) = 225*z**3 - 7*z**2 + 14*z - 12. Suppose -5*i + 244 + 36 = 0. Calculate the remainder when j(1) is divided by i.
52
Let u = 2064 - 2035. What is the remainder when 75 is divided by u?
17
Suppose -21*c + 211 + 1469 = 0. Calculate the remainder when 502 is divided by c.
22
Suppose 120*c - 2*h = 122*c - 15740, 7846 = c - 3*h. Calculate the remainder when c is divided by 69.
67
Suppose 13*t - 6840 = 6108. Calculate the remainder when t is divided by 186.
66
Let m = -6831 + 6952. What is the remainder when 658 is divided by m?
53
Let n(g) = -g**3 - 20*g**2 - 63*g + 1. Let v be n(-16). What is the remainder when 22 is divided by (-140)/v - 3/(-9)*-1?
4
Let w(y) = -y**2 - 8*y - 7. Suppose -7*f + 3*t = -2*f + 10, -3*f - 4*t + 23 = 0. Let a be 2/(-5)*10*f. What is the remainder when 23 is divided by w(a)?
5
Let f(h) = -79*h - 1870. Calculate the remainder when 1689 is divided by f(-24).
25
Suppose -2*w + 1 = 99. Let o be ((-28)/(-10))/(-11 - (-212)/20). Calculate the remainder when 18*(w/3)/o is divided by 11.
9
What is the remainder when 4457 is divided by 258*7/42 + (-4 - 3)?
29
Let o be -3 - ((-47)/9 + (-8)/(-36)). Suppose 0 = -11*g + o*g + 522. Suppose g = 5*w - 27. What is the remainder when w is divided by 6?
5
Calculate the remainder when ((-92808)/44)/(-3) - 12/132 is divided by 233.
4
Let v = -17594 + 17782. Calculate the remainder when v is divided by 83.
22
Let z(k) = 60*k - 16. Suppose -280 = -8*l - 272. What is the remainder when 347 is divided by z(l)?
39
Let p(k) = -k**3 - 14*k**2 + 30*k - 198. Calculate the remainder when p(-20) is divided by 26.
16
Suppose -5*i - 8839 = -39*i + 4557. What is the remainder when i is divided by 138?
118
Let d(p) = -3061*p - 1226. What is the remainder when d(-5) is divided by 256?
255
Let k(i) = 14 + 4*i + 14*i**2 + 5*i**2 - 8*i**2 + 17*i**2 - 19. What is the remainder when 44 is divided by k(1)?
17
Let q(c) be the first derivative of -2*c**3/3 - 17*c**2 - 46*c + 184. What is the remainder when 20 is divided by q(-15)?
6
Let y(k) = 11*k - 169. Let n(z) = -z**2 + 12*z + 9. What is the remainder when y(25) is divided by n(9)?
34
Let g(q) = -2*q + 2*q + 3*q + 33 + 2. Let f(c) = 2*c**3 + 13*c**2 + 14*c + 3. Let y be f(-5). Calculate the remainder when g(y) is divided by 30.
29
Let y = -3460 + 3468. Calculate the remainder when 38 is divided by y.
6
Suppose 0 = 6*h - 1149 + 1011. Let i(b) = -2*b - 20. What is the remainder when h is divided by i(-13)?
5
Let i(y) = 2*y**2 + 5*y - 79. Suppose 3 = -3*p, -4*f + 0*p = 3*p + 47. Calculate the remainder when i(f) is divided by 56.
52
Suppose -5*k + 183 = 2*j - 10*k, -4*k = 2*j - 192. What is the remainder when 266 is divided by j?
78
Let c(q) = 2*q**2 - 127*q + 713. Suppose -44 = -0*d - d. What is the remainder when d is divided by c(6)?
21
Let a = -96 + 100. Suppose 19 = -a*j - 17. What is the remainder when (-155)/j + 10/(-45) is divided by 7?
3
Suppose 0 = -2*b + 4*d + 100, -3*b - 4*d = b - 140. Let q = b + -33. What is the remainder when 14 is divided by q?
0
Let y(k) = -12*k + 424. Let t(j) = 6*j - 212. Let r(s) = 7*t(s) + 4*y(s). Calculate the remainder w